Let n(c) = 0*c**s + 2*c**3 - 6*c**2 - 4 + 6*c - c**3. What is n(m)?
1
Let a(u) = -8*u**3 - 2*u**2 + 1. Let x be ((-4)/12)/(1/(-3)). Let i be (1 + x)/((-6)/(-15)). Let t be 6/10 + 2/i. What is a(t)?
-9
Suppose -4*z + 10 = -6. Let h(v) = -2*v - 2 + z - 1. Let s = -286 - -289. Determine h(s).
-5
Suppose 4*s + 18 = 3*r + 5*s, 5*r - 16 = 3*s. Let t(f) = f - 5. What is t(r)?
0
Let c = -7 + 12. Let n be ((-8)/(-10))/((-11)/(-55)). Let g(b) = 3*b + b**3 - 5*b**2 - 5 + 4*b**3 - n*b**3. Determine g(c).
10
Let b(t) = -t. Let z = -1 + 4. Suppose z = 3*m - 3. Determine b(m).
-2
Let f(w) = w**3 - 1. Suppose 0 = b - 5*l + 5, 5*l = 6*b - 4*b + 5. Suppose j + 2*m = -b*m, 5*j - m = 22. Let d = j - 6. What is f(d)?
-9
Let r(v) = 2*v - 1. Suppose -4*a = -j - 5 - 6, 4*a = -3*j - 1. Determine r(a).
3
Let s(m) = -1. Let q(t) = 2*t**2 + 4*t - 2. Let g(n) = q(n) - 3*s(n). Give g(-3).
7
Let i(c) = c + 1. Let k(y) = -7*y - 11. Let j(d) = -6*i(d) - k(d). Calculate j(7).
12
Let s(c) = 2*c + 3. Let r be (-2 - (0 + 0)) + -11. Let l = r - -18. Let p = 0 - l. What is s(p)?
-7
Let o = -16 + 19. Suppose 4*z - 2 = o*z. Let q(y) = y**2 - 4*y + 3. Determine q(z).
-1
Let b(x) = -7*x**2 + 1. Let g be (-5)/(-10)*2/(-1). Determine b(g).
-6
Let d be (0 + -10)*4/(-8). Let j(r) be the third derivative of -r**6/120 + r**5/12 + r**3 - r**2. Determine j(d).
6
Let w(d) = d - 7. Let o be (3/(-1))/(9/(-12)). What is w(o)?
-3
Suppose 2*i + 10 = -2*w, -5 = -2*i - 3*i. Let h(f) = -f. What is h(w)?
6
Let k(s) = -s + 2. Suppose -3*w = -9, 33 + 5 = -5*b + w. Let t(d) = d**2 + 7*d + 3. Let j be t(b). Let c be k(j). Let m(q) = q - 1. Give m(c).
-2
Suppose 3*l + 2*l - 20 = 0. Suppose 3*v = w - l*w, -5*v + 2*w + 14 = 0. Suppose -5*q = -n - q - v, 0 = 5*q. Let i(o) = o + 1. Determine i(n).
-1
Suppose -2*f - 6 + 4 = 0. Let z be ((-8)/10)/(f/5). Let g(t) = 0*t**3 + 0*t**2 + 3*t**2 - 5 - t**3 + 4*t. Determine g(z).
-5
Let g(a) = 21*a**2 + 11*a + 2. Let d(l) be the third derivative of 5/24*l**4 + 1/6*l**3 + 1/6*l**5 + 2*l**2 + 0 + 0*l. Let c(z) = -9*d(z) + 4*g(z). Give c(-1).
-6
Suppose 5*r = 4*r + 5*t - 14, -5*t + 15 = 0. Let w(x) = -2*x - 1. Give w(r).
-3
Let s(j) be the second derivative of -j**5/20 + j**4/12 + j**3/6 - 3*j. Let b be 9/4 - 1/4. What is s(b)?
-2
Let p(s) = 3*s - 2. Let g(t) be the third derivative of -t**4/3 + t**3 - 6*t**2. Let x(m) = 4*g(m) + 11*p(m). Calculate x(0).
2
Suppose 0 = r - 3*r. Let q(y) = 5*y**2 - 7*y + 2. Let s(k) = -4*k + 4*k**2 + 1 + 0*k - 2*k. Let b(w) = -5*q(w) + 6*s(w). Determine b(r).
-4
Suppose -2*k = -4*k + 2. Let n(v) be the third derivative of 7*v**5/60 + v**4/24 - v**3/6 + 9*v**2. Determine n(k).
7
Let s(i) = -i**3 + 6*i**2 - 7*i + 4. Let n = 2 - 0. Suppose -q = n*q - 12. Give s(q).
8
Let a(v) = 5*v**2 + 2*v - 1. Let n(h) = 14*h**2 + 5*h - 3. Let d(y) = -11*a(y) + 4*n(y). Let m be 0 - 0 - (3 + -6). What is d(m)?
2
Let r(c) = c**3 - 5*c**2 - 5*c - 6. Let q be -2 - (1 + -7 + 1). Suppose 2*u - 16 = 2*m - q*m, -3*m - 6 = -3*u. Give r(u).
0
Let n(f) = -f**3 + f**2 + 5*f - 3. Let m be 30/4*(-8)/(-12). Suppose 2*p - p = m. Suppose 3*j - p*h - 15 = -2*j, -h + 15 = 5*j. Determine n(j).
-6
Let l(t) = -3*t**2 - 2 - t + 2*t**2 + 3. Let p(c) = -2*c**2 - c. Let q be p(1). What is l(q)?
-5
Suppose -j - 1 - 3 = -3*h, 3*h = -4*j - 1. Let q(v) = 4*v**3 + 2*v**2 - v. Let d be q(1). Suppose h = -d*w - 4. Let l(i) = 9*i**3 + 2*i**2 + i. What is l(w)?
-8
Let l(n) be the second derivative of -n**5/20 - n**4/4 + 2*n**3/3 - n**2 - 11*n. Determine l(-4).
-2
Let a(d) = d**3 - d**2 - d - 8. Suppose -5*r + 5*w + 18 = -17, -4*w - 10 = -r. Let v(c) = 2*c. Let h be v(-3). Let n = h + r. Determine a(n).
-8
Let c(l) = -2*l - 4. Let t(g) = -4*g - 80. Let u be t(-18). Determine c(u).
12
Let c(u) = u**3 + 6*u**2 - 9*u - 10. Let k be c(-7). Let f(l) = l**3 - 2*l**2 - 6*l + 5. Give f(k).
13
Let c(y) = 4*y + 9. Let f(v) = -v - 2. Let k(b) = c(b) + 3*f(b). Calculate k(-4).
-1
Let j = 54 - 75. Let h = 21 + j. Let n(y) = -y**2 - y. Calculate n(h).
0
Let x(a) be the third derivative of -a**8/10080 + a**7/1680 - a**6/240 - a**5/20 - 3*a**2. Let h(s) be the third derivative of x(s). Calculate h(2).
-5
Suppose -389 = 12*b - 329. Let s(q) be the first derivative of 2*q**2 + 5*q - 1. Give s(b).
-15
Let w(d) = 13*d**3 - 25*d - 3 - 5 + 8*d**2 + 3 + 4. Let g(t) = 7*t**3 + 4*t**2 - 13*t. Let f(x) = -11*g(x) + 6*w(x). Give f(-5).
4
Let w(u) = u**2 + 6*u + 10. Let l be w(-4). Let z(v) = 0*v**2 - v**3 - v**2 - 1 + 4*v + v**l - v**2. Calculate z(-3).
5
Let f(j) = -j - 4. Let b = 7 + -11. Let u = b - -4. Let x be -2 + (2 + u - 4). What is f(x)?
0
Let m be 3/(-3) + 12/(-3). Let u(w) = w + 8. What is u(m)?
3
Let z(t) = t**2 - 6*t + 2. Suppose 0 = i - 20 - 6. Let m = i - 22. Determine z(m).
-6
Let x(r) = -11*r + 4*r + 4*r - 2. Calculate x(4).
-14
Let i(p) = -4*p + 2. Let w be i(2). Let s(t) be the first derivative of -t**2 - 8*t + 13. Determine s(w).
4
Suppose -3*u = -n - 4*n + 8, u - 2*n + 4 = 0. Let x(r) = -r**3 + 4*r**2 + 2*r - 4. Determine x(u).
4
Let o(m) = -4 + 10*m - 3*m - 6*m. Let d = -1 - -6. What is o(d)?
1
Let q(t) = t**2 - 2*t + 2. Let s be q(3). Let m = 0 + s. Let u(i) be the second derivative of -i**4/12 + 7*i**3/6 - 3*i**2/2 + 5*i. Calculate u(m).
7
Suppose 2*x = -n + 13 - 5, 0 = 5*n - 3*x + 12. Let v(t) = -t + 7. What is v(n)?
7
Let a(t) = -t + 15. Let i be a(8). Let f be 2/(3 + i/(-3)). Let o(c) = 3*c - 3. Calculate o(f).
6
Let v(d) be the third derivative of -d**4/24 + d**2. Calculate v(4).
-4
Let c(t) be the first derivative of t**7/840 - t**6/360 - t**5/120 - 5*t**4/24 + 2*t**3/3 + 10. Let g(y) be the third derivative of c(y). Determine g(0).
-5
Let x(r) be the second derivative of -r**4/12 + 5*r**3/6 - r**2/2 + r. Suppose 2*h - 12 = -4, 4*c + 2*h - 24 = 0. Let u(d) = 4*d - 12. Let z be u(c). Give x(z).
3
Let p be (-28)/5 - 6/(-10). Let y(x) = 5*x**2 - x. Let q be y(1). Let m(n) = -n**2 - q*n**2 - 1 + 3 + n - n**3 + 3. Calculate m(p).
0
Let v(y) = y - 4. Let a be v(3). Let b(o) = 3*o**2 - o + o. Let k be b(a). Let n(u) = -u**2 + 3. What is n(k)?
-6
Suppose 4*n = 4*a + 8 - 4, -4*n = 2*a - 4. Suppose y - 4*f = 18, n = 5*y + 4*f + 7. Let c(v) = -3*v - 2. Calculate c(y).
-8
Let i be 5*(-1 + 2) - 2. Let b be 3/(0 - i/(-3)). Let m(o) be the third derivative of -o**6/120 + o**5/30 + o**4/8 - o**2. Determine m(b).
0
Let v(x) be the third derivative of 0 + 0*x + 3*x**2 - 1/24*x**4 + x**3. Calculate v(6).
0
Let t(a) = a**3 - 4*a**2 + 4*a - 3. Let u(y) = -y**2 - 3*y + 6. Suppose 3*k - 2*r + 22 = 0, 0*r - 4*r = -20. Let d be u(k). Determine t(d).
-3
Suppose -2*r + 4 = -3*r. Suppose -4*c - c + 10 = 0, 6 = -5*i + 3*c. Let p(l) = 3 + 0 + l + i. Give p(r).
-1
Let m(n) = n + 2 + 1 - 2. Let l = -15 + 21. Let s(w) = 2*w - 7. Let x be s(l). Calculate m(x).
6
Let z = -11 - -8. Let b = 0 + z. Let v(j) = j**3 + 4*j**2 + 4*j + 1. Calculate v(b).
-2
Suppose -7 = -4*b + 9, 3*l + b = 22. Let r(s) be the third derivative of -s**4/12 + 2*s**3/3 - 3*s**2 + 5*s. Calculate r(l).
-8
Let u be (-9)/(-4) + 3/(-12). Let h be (-3)/(-2) - (-7)/2. Let f(w) = 8*w + 3*w**u - 2*w + 3*w**2 - h*w**2. Give f(-6).
0
Let z(f) = -1 - 21*f**2 + 33*f**2 + 3*f - 11*f**2. Give z(-4).
3
Let y(x) = x - 1. Let f(a) be the first derivative of a**4/2 + a**3/3 + 2*a**2 - 7*a + 5. Let c(w) = f(w) - 6*y(w). Calculate c(-2).
-9
Let x(n) = -n**2 - 7*n - 7. Suppose -3*c = -0*c - 75. Let v be (-30)/c*(5 - 0). Let k be x(v). Let p(t) = -2*t. Determine p(k).
2
Let m = -50 - -54. Let n(k) be the first derivative of -k**3 - 2*k - 1/4*k**m + 2 - k**2. Give n(-3).
4
Let d(h) = -h + 3. Suppose 0 = 4*a + 8, -2*a - 3 = -4*u + 1. Suppose 0 = -3*l + 7 + 5. Let c = l - u. Calculate d(c).
-1
Let i(u) = -u**2 - 4*u + 5. Let d be -2*(18/3 - 3). What is i(d)?
-7
Let q(u) = -u - 1. Suppose 0 = -0*k + 2*k - 14. Let l = -3 + k. Suppose 0 = -2*m - 2*m - l. Determine q(m).
0
Suppose 0*l + 4*l - 20 = 0. Suppose 0 = -4*g + 4*x + 2 + 34, l*g = -4*x + 27. Let d(m) = m**3 - 8*m**2 + 6*m + 1. Calculate d(g).
-6
Let q(v) = v**3 + 2*v**2 - 6*v - 3. Let t = -100 + 96. Calculate q(t).
-11
Suppose 2*s = -0*s - 40. Let q be (85/s)/(2/(-8)). Let p(g) = 19*g + 3 - q*g + 2. Determine p(-4).
-3
Let c(i) = -i**3 + 5*i**2 - 2*i + 5. Let v = -21 - -41. Suppose -2*l + 6*l = v. Give c(l).
-5
Let t(d) = -